p) = -871*p + 33100. Give a(38).
2
Let j(m) = m**2 + 25*m - 446. Determine j(12).
-2
Let q(c) = -6*c**2 + 84*c + 5. Give q(0).
5
Let r(g) = 2*g**3 - 13*g**2 - 26*g + 183. Determine r(6).
-9
Let u(m) = -113*m + 634. Determine u(0).
634
Let j(k) = 5*k + 53. Calculate j(-11).
-2
Let v(u) = 22*u + 956. Calculate v(-43).
10
Let b(k) = -10*k**3 + 107*k**2 + 36*k - 7. Calculate b(11).
26
Let c(w) = -2*w + 188. Calculate c(33).
122
Let n(y) = y**2 - 2222*y + 59263. What is n(27)?
-2
Let d(j) = j**3 + 4*j**2 + 5*j - 8. What is d(-3)?
-14
Let s(u) = -6*u**3 + 59*u**2 + 4*u + 26. What is s(10)?
-34
Let h(b) = b**3 - 24*b**2 - 89*b + 5. Determine h(-4).
-87
Let g(w) = w**2 + 4*w - 1445. What is g(36)?
-5
Let l(h) = 2*h**3 + 23*h**2 - 87*h - 241. Give l(-14).
-3
Let v(o) = -285*o + 265. Give v(1).
-20
Let m(u) = u**3 + 26*u**2 - 24*u + 39. What is m(-27)?
-42
Let s(l) = 7*l**2 + 20*l + 17. Calculate s(-3).
20
Let o(i) = i**3 + 8*i**2 + 12*i - 29. Determine o(-5).
-14
Let l(s) = 34*s - 64. Give l(3).
38
Let o(g) = 74*g**3 - 12*g**2 - 3*g + 9. Calculate o(-1).
-74
Let z(c) = -c**3 + 65*c**2 + 138*c - 283. Calculate z(67).
-15
Let t(y) = -y**3 - 10*y**2 + 34*y + 21. Determine t(-13).
86
Let r(i) = i**3 - 44*i**2 + 167*i - 267. What is r(40)?
13
Let j(p) = p**3 - p**2 - 104*p + 215. Give j(0).
215
Let l(y) = 6*y**2 + 4*y - 182. What is l(11)?
588
Let g(k) = -9*k**2 - 178*k + 33. Determine g(-20).
-7
Let h(d) = d**2 + 3*d - 154. Determine h(-11).
-66
Let v(s) = s**3 + 17*s**2 - 83*s + 6. Determine v(4).
10
Let g(b) = 2*b**2 - 88*b + 847. Calculate g(30).
7
Let g(b) = -329*b - 9845. What is g(-30)?
25
Let x(v) = 2266*v - 13607. Calculate x(6).
-11
Let i(q) = -q**3 + 13*q**2 - 18*q + 65. Determine i(11).
109
Let b(k) = -k**3 + 18*k**2 - 58*k + 7. Give b(14).
-21
Let h(d) = -279*d + 8332. Determine h(30).
-38
Let p(o) = -o**3 + 13*o**2 + 27*o - 225. What is p(14)?
-43
Let t(q) = 354*q - 2443. What is t(7)?
35
Let f(u) = u**2 + 624*u - 77378. What is f(106)?
2
Let v(d) = 74*d - 29012. Give v(392).
-4
Let c(r) = r**2 - 51*r + 805. What is c(14)?
287
Let g(l) = -21*l - 442. Give g(13).
-715
Let d(p) = 2*p**3 - 58*p**2 + 56*p + 32. Calculate d(28).
32
Let k(z) = 13*z**2 - 63*z - 90. Determine k(6).
0
Let t(j) = -3*j**2 - 4*j - 14. Determine t(-12).
-398
Let x(h) = 2*h**3 + 135*h**2 + 568*h + 57. What is x(-63)?
-6
Let t(m) = 17*m**2 - 106*m + 22. Give t(6).
-2
Let r(s) = -8*s**2 + 56*s - 166. Determine r(3).
-70
Let l(c) = -c**2 - 2142*c + 4282. What is l(2)?
-6
Let m(i) = 2*i**3 + 65*i**2 + 304*i + 192. What is m(-27)?
3
Let j(g) = 8145*g + 24405. Calculate j(-3).
-30
Let b(n) = 56*n**2 + 4*n - 8. Determine b(3).
508
Let b(q) = -12*q + 97. What is b(-9)?
205
Let k(f) = 29*f**2 - 56*f - 1. Give k(4).
239
Let r(a) = -918*a + 18. What is r(0)?
18
Let b(k) = k**2 - 420*k + 1658. What is b(4)?
-6
Let w(z) = z**2 + 20*z + 86. What is w(-10)?
-14
Let b(w) = -17*w - 41. Give b(9).
-194
Let m(f) = 86*f + 486. Determine m(-7).
-116
Let z(m) = -m**3 + m**2 + m + 6. What is z(5)?
-89
Let s(i) = -2*i**3 + 44*i**2 - 46*i + 79. Determine s(21).
-5
Let k(a) = -2*a**2 + 113*a + 610. Calculate k(-5).
-5
Let m(y) = -14*y**2 - 46*y + 9. Calculate m(-4).
-31
Let z(s) = s**3 + 18*s**2 + 15*s - 40. Calculate z(-17).
-6
Let a(i) = 48*i + 155. Calculate a(-3).
11
Let u(r) = 13*r + 955. Give u(-80).
-85
Let u(o) = 2*o**2 - 3*o + 161. Calculate u(-5).
226
Let a(i) = -6*i**2 - 643*i + 396. Give a(-108).
-144
Let k(s) = -45*s**2 - 1933*s + 84. What is k(-43)?
-2
Let n(i) = 2*i**2 + 114*i - 2517. Calculate n(-74).
-1
Let c(q) = -3*q**2 + 60*q + 92. Calculate c(22).
-40
Let c(l) = -16*l + 264. What is c(18)?
-24
Let x(z) = -39*z**2 - z + 8. Give x(2).
-150
Let w(z) = -z**3 - 16*z**2 - 19*z - 216. What is w(-15)?
-156
Let d(r) = -12*r - 30. Give d(-6).
42
Let c(r) = 3*r**3 - 92*r**2 - 576*r - 14. What is c(36)?
-14
Let n(j) = 18*j + 52. What is n(-5)?
-38
Let l(r) = -6*r**3 - 98*r**2 - 32*r + 6. What is l(-16)?
6
Let z(k) = -3*k**2 + 69*k + 103. Determine z(32).
-761
Let q(j) = -j**3 - 25*j**2 + 34*j - 1206. Determine q(-28).
194
Let m(h) = 7*h**3 + 5*h**2 + 6*h + 5. What is m(-2)?
-43
Let p(r) = 641*r - 4474. Determine p(7).
13
Let d(s) = -26*s**2 - 343*s - 21. Give d(-12).
351
Let p(h) = 42*h**2 - 33*h - 83. Determine p(-2).
151
Let r(g) = 456*g - 913. Calculate r(2).
-1
Let z(w) = -1840*w + 1834. Determine z(1).
-6
Let y(d) = -67*d - 2825. Give y(-43).
56
Let h(i) = -483*i - 4836. Give h(-10).
-6
Let g(w) = -w**2 + 18*w + 211. Give g(26).
3
Let m(r) = r**2 + 104*r + 2134. Determine m(-28).
6
Let u(z) = 351*z - 54. Give u(-1).
-405
Let n(w) = w**3 - 25*w**2 - 53*w - 55. What is n(27)?
-28
Let c(h) = -19*h + 1561. Give c(77).
98
Let v(c) = c**2 + 80*c - 697. Determine v(-85).
-272
Let b(i) = -4323*i - 216142. What is b(-50)?
8
Let j(q) = -180*q + 1439. Give j(8).
-1
Let r(p) = 232*p - 466. Calculate r(2).
-2
Let o(v) = v**3 + 47*v**2 + 48*v + 39. What is o(-46)?
-53
Let z(r) = 25*r - 854. Calculate z(34).
-4
Let l(p) = 23*p**2 - 65*p + 34. Give l(2).
-4
Let b(k) = -10*k**2 + 137*k + 17. Determine b(14).
-25
Let f(u) = -u**3 + 17*u**2 - 49*u + 73. Calculate f(14).
-25
Let p(v) = -13*v**2 - 340*v - 69. Calculate p(-26).
-17
Let y(h) = h**3 + 4*h**2 - 57*h - 111. What is y(-9)?
-3
Let d(j) = 479*j + 1995. Determine d(-5).
-400
Let h(z) = 2*z**2 - 9*z - 274. What is h(14)?
-8
Let c(j) = 3*j**3 + 30*j**2 - 12*j - 110. Determine c(-10).
10
Let l(t) = 984*t + 10831. What is l(-11)?
7
Let p(h) = 4*h**2 - 456*h + 443. What is p(113)?
-9
Let n(z) = 4*z**2 - 176*z - 4. Calculate n(44).
-4
Let l(c) = -253*c + 2395. Determine l(12).
-641
Let v(l) = 9*l**3 + 1646*l**2 - 184*l - 183. Give v(-183).
0
Let k(t) = t**3 + 20*t**2 + 6*t - 538. Determine k(-18).
2
Let d(y) = -40*y**2 - 10*y + 44. What is d(3)?
-346
Let g(u) = u**2 + 15*u - 496. What is g(-31)?
0
Let u(h) = 1162*h - 3457. Calculate u(3).
29
Let n(i) = -i**3 - 52*i**2 - 145*i - 80. Give n(-49).
-178
Let o(v) = v**3 - 22*v**2 + 83*v - 21. Determine o(16).
-229
Let r(b) = 2*b**2 - 14*b + 67. Determine r(4).
43
Let r(h) = -h**2 + 141*h - 519. Determine r(4).
29
Let m(q) = -2*q**3 - q**2 + 5*q - 2. Give m(2).
-12
Let f(h) = -h**2 - 187*h - 6208. Give f(-144).
-16
Let n(v) = -4*v**2 - 40*v + 218. Determine n(-14).
-6
Let a(l) = -l**3 - 43*l**2 - 37*l - 7. What is a(-42)?
-217
Let h(c) = 37*c - 1552. What is h(42)?
2
Let j(r) = r**3 + 58*r**2 + 161*r - 154. Determine j(-55).
66
Let n(v) = 2*v**3 + v**2 + 47*v + 158. Give n(-3).
-28
Let n(b) = 6*b**2 + 242*b + 306. Calculate n(-39).
-6
Let h(v) = 54*v - 427. Determine h(7).
-49
Let q(p) = -p**2 + 17*p + 75. What is q(-5)?
-35
Let m(p) = -141*p - 103. Determine m(0).
-103
Let o(k) = -342*k + 47. Determine o(1).
-295
Let h(c) = -c**3 - 152*c**2 - 149*c + 250. Give h(-151).
-52
Let q(c) = c**3 - 27*c**2 + 73. Give q(27).
73
Let i(d) = -67*d - 381. Give i(-6).
21
Let d(z) = 2*z**3 - 3*z**2 + 3*z - 4. Give d(4).
88
Let q(h) = -5*h + 127. What is q(27)?
-8
Let h(b) = -2256*b - 18025. Give h(-8).
23
Let w(v) = 3*v**2 + 50*v + 199. Calculate w(-15).
124
Let x(q) = -6*q**3 - 17*q**2 - 15*q + 26. Give x(-2).
36
Let h(v) = -v**2 - 24*v - 123. Calculate h(-5).
-28
Let i(k) = -2089*k + 16721. Give i(8).
9
Let i(g) = g**3 + 31*g**2 + 29*g - 24. Give i(-30).
6
Let s(d) = d**3 - 92*d**2 + 143*d - 13191. Determine s(92).
-35
Let f(i) = 3*i**2 + 27*i + 27. Give f(-11).
93
Let m(x) = -2*x**2 + 16*x + 25. Calculate m(7).
39
Let i(u) = 2*u**3 - 4*u**2 - 35*u + 2. Give i(-4).
-50
Let m(y) = y**3 + 11*y**2 - 206*y - 40. Determine m(10).
0
Let n(m) = -102*m + 3253. Calculate n(32).
-11
Let w(n) = 474*n + 2366. Calculate w(-5).
-4
Let g(a) = 4*a**3 + 28*a**2 - 11*a - 8. Give g(-8).
-176
Let d(i) = -i**2 + 114*i + 469. Give d(-4).
-3
Let k(a) = 2*a**3 - 95*a**2 + 49*a - 109. What is k(47)?
-15
Let h(w) = -w**3 + 70*w**2 - 704*w + 470. What is h(58)?
6
Let m(j) = 4*j**2 + 15*j - 100. Calculate m(-9).
89
Let w(p) = 4*p**2 - 97*p + 23. Determine w(24).
-1
Let j(k) = k**2 + 86*k - 403. Calculate j(5).
52
Let k(s) = 4*s + 111. What is k(-29)?
-5
Let x(h) = -h**2 + 24*h - 23. What is x(0)?
-23
Let i(j) = 733*j - 527. What is i(2)?
939
Let j(v) = -v**2 + 125*v + 253. Determine j(-2).
-1
Let f(o) = -o**3 - 10*o**2 - 17*o + 8. Give f(-8).
1